y 24?
17
Suppose 3*p + 2*m = 86, -4*m + 165 = 5*p - 5*m. Suppose 0 = 12*z - 2010 - 2562. Calculate the remainder when z is divided by p.
29
Let o(l) = -16*l**2 + 4*l + 18. Let d be o(-2). Let r = 84 + d. Calculate the remainder when r is divided by 28.
2
Let u = -423 - -1231. Suppose 61 = -9*s + u. Calculate the remainder when s is divided by 17.
15
Suppose -3*s + 8*s = 2*t - 11, -2*t + s + 23 = 0. Suppose 0 = -11*g + 3549 - 139. What is the remainder when g is divided by t?
11
Let u = 2025 - 1962. Calculate the remainder when u is divided by 13.
11
Suppose -5*g + 93 + 1401 = g. What is the remainder when g is divided by 117?
15
Let d be (-1 + 3 + (-133)/28)*-124. Suppose c = 170 + d. Calculate the remainder when c is divided by 27.
25
Let t(m) = 111*m - 9. Let i be t(-2). Let s = i + 232. What is the remainder when 4 is divided by s?
0
Suppose -2*o + u + 110 = -3*u, -5*o + 2*u + 283 = 0. Let g = -1336 + 1398. Calculate the remainder when g is divided by (-2)/(o/63 + -1).
20
Let x(j) = j**3 + 7*j**2 + 2*j - 3. Let s(l) = l + 89. Suppose -4*f = u - 15, 66 = -5*u - 4*f + 205. What is the remainder when s(u) is divided by x(-6)?
15
Let p(d) = 7*d + 16. Let v be p(5). Let u = v - 41. Suppose -4*z = u*z - 378. What is the remainder when z is divided by 16?
11
Suppose -7*i - 3843 = -3913. Let b(u) = -10*u - 4. Calculate the remainder when b(-2) is divided by i.
6
Suppose 0 = -3*v - 2*i + 635, 22*i - 21*i - 637 = -3*v. Suppose 120*u - v = 117*u. Calculate the remainder when u is divided by 31.
9
Suppose -273*l = 4884 - 16077. Let v(u) = u**3 - u**2 - u + 735. Calculate the remainder when v(0) is divided by l.
38
Suppose 0 = -26*z - 4*z - 19770. Let l = -600 - z. Calculate the remainder when 117 is divided by l.
58
Let b(p) = 375*p**2 - 16*p + 7. Calculate the remainder when b(2) is divided by 17.
13
Let o be (-2 - -1)/(2 + (-590)/296). Let p = o - -155. Calculate the remainder when 52 is divided by p.
3
Let l be (2/(-3) - 645/(-90))*14. Let c = 86 + -40. Let m = l - c. What is the remainder when m is divided by 12?
9
Let g(k) = 2*k**2 + 43*k + 207. What is the remainder when 256 is divided by g(-17)?
40
Let t(v) = 3*v**2 - 53*v + 274. Let d be t(10). Let m = -3 + 9. Suppose d - m = r. Calculate the remainder when r is divided by 8.
6
Let g = -1142 + 1252. Calculate the remainder when 218 is divided by g.
108
Let x(v) = -2*v**2 - 32*v + 11. Let n = 443 - 247. Let g be (-2)/(-6) + n/(-12). What is the remainder when x(g) is divided by 7?
4
Suppose y = 2*t - 5, 5*y - 2*y + 15 = 2*t. Suppose t = -2*n - r + 450, 5*r = 3*n + 370 - 1019. Calculate the remainder when n is divided by 26.
15
Suppose 0 = -9*k + 632 + 304. Suppose -4*d + 48 = -4*h + 2*h, h = -4*d + 48. What is the remainder when k is divided by d?
8
Let q = 175 + -98. Suppose -92 = -4*p + 5*t - 35, -t + 27 = 4*p. What is the remainder when q is divided by 106/p + (-4)/16?
12
Suppose 105 - 370 = -5*r. Let y(i) = 9*i**2 + 24*i - 93. Calculate the remainder when r is divided by y(-5).
5
Suppose -4224 = -6*b - 1290. Let m = b - 193. Calculate the remainder when m is divided by 23.
20
What is the remainder when 1715 + 178 + 2/(-1) is divided by 73?
66
Suppose 5*p + 4*f = 3384, 7*p - 3*p + 4*f = 2704. What is the remainder when p is divided by 62?
60
Let i(j) = -j - 1. Let s be i(-3). Suppose -s*x + 4*x = 118. Let v(a) = -4*a**3 - 8*a**2 + 343*a + 1024. Calculate the remainder when x is divided by v(-3).
28
Suppose 77*g - 25005 = -51*g - 4269. What is the remainder when 6479 is divided by g?
161
Suppose 1236*y - 428*y - 30736 - 6432 = 0. Let z(n) = 26*n**2 - n - 3. Calculate the remainder when z(3) is divided by y.
44
Calculate the remainder when 350 is divided by (-1992)/(-22) - (-726)/(-1331).
80
Suppose -46*t + 44054 + 53683 = 12131. What is the remainder when t is divided by 38?
37
Suppose -5*j + 4*n + 17009 = 0, -17027 = -5*j + 3*n + 19*n. What is the remainder when j is divided by 148?
145
Suppose 0 = -r + k + 9, -13 - 5 = -2*r - 2*k. Let n(z) = -14*z - 1 + 1 + 1. What is the remainder when n(-1) is divided by r?
6
Let k(g) = 4*g + 31. What is the remainder when (-2 - 16/(-6))*(-987)/(-14) is divided by k(-5)?
3
Suppose 0 = 11*o + 44, 35 = 3*r + o - 66. Calculate the remainder when 1257 is divided by r.
32
Let v(q) be the second derivative of -q**5/20 + 5*q**4/4 + 17*q**3/3 + 8*q**2 - 232*q. What is the remainder when 62 is divided by v(17)?
14
Let j(n) = 6*n**2 - 176*n - 71. What is the remainder when j(30) is divided by 40?
9
Let o(h) = h + 1. Let g be o(3). Suppose 3*q = r - 2*q - 24, 96 = g*r - 4*q. Let u = 362534 + -362441. Calculate the remainder when u is divided by r.
21
Calculate the remainder when -6 + (-583)/(-5) + (-9)/15 is divided by 7.
5
Suppose -3*j + 0*m = -3*m - 621, m = -3*j + 621. Let i be 263/(9*1/3 - 4). Let w = 305 + i. What is the remainder when j is divided by w?
39
Let s(r) = r**3 - 19*r**2 - 43*r + 45. Calculate the remainder when 246 is divided by s(21).
6
Suppose -73 - 257 = -5*o. Calculate the remainder when o is divided by (-90)/12*(-480)/200.
12
What is the remainder when 13278 is divided by (((-650)/200)/13)/(2/(-296))?
32
Suppose -6*t = 31 - 337. What is the remainder when 154 is divided by t?
1
Suppose 3201 = 11*j + 2299. What is the remainder when 342 is divided by j?
14
Let q(o) = o**3 + o**2 + 58. Suppose c = -14 + 2. Let b = 24 + c. Calculate the remainder when q(0) is divided by b.
10
Calculate the remainder when (((-4)/8)/(6/(-816)))/((-8)/(-8)) is divided by 50.
18
Suppose -359*f + 446*f = 6003. What is the remainder when 102 is divided by f?
33
Suppose -2*b - 4*a + 158 = 0, 376 = 5*b - b - 4*a. Let t(z) = -4*z**2 + 46*z + 61. What is the remainder when b is divided by t(12)?
15
Let p = -1037 - -1216. What is the remainder when p is divided by 9?
8
Suppose l + 211 = 3*u - 56, 4*u - 354 = 2*l. Let b be 1/(-3) + (-10)/6. What is the remainder when u is divided by 354/12 + (-3)/b?
28
Let c = -1157 + 1181. Calculate the remainder when -6*79/(-4)*2 is divided by c.
21
Let y = 250 - 236. Suppose 0 = -y*b + 11*b + 3*r + 12, -b + 5*r - 8 = 0. Calculate the remainder when 88 is divided by b.
4
Suppose 0 = -5*o + 51 + 34. Let v = -57 - -89. Calculate the remainder when v is divided by o.
15
Let k = 144 - 142. Let i = -8 - -10. What is the remainder when 7 is divided by (i + 2/2)/(k + -1)?
1
Let w be (-119)/14 + 9 - 58/4. Let f = 7 - w. Calculate the remainder when 37 is divided by f.
16
Let s(m) = 5*m + 23. Let v be s(-7). Let f(o) = 3*o + 3. Let w be f(v). Let r = 84 - w. What is the remainder when r is divided by 17?
15
Suppose -2*f = 2*t - 84, t + 12 = 2*f + 69. What is the remainder when 148 is divided by t?
7
Suppose -7903 = -4*a - 26*m + 31*m, -3*m + 3957 = 2*a. Calculate the remainder when a is divided by 220.
217
Let t = 1643 - 1610. Calculate the remainder when 1779 is divided by t.
30
Let g be 2/15 + (-40784)/(-120). Suppose 4*r - g = 2*o - 6*o, -3*o - 175 = -2*r. Suppose -81*t + r*t - 155 = 0. What is the remainder when t is divided by 13?
5
Suppose -144 = -10*d + 6. Let h(s) = 3*s + 1. Let f be h(2). Calculate the remainder when (3 - f*4)*-1 is divided by d.
10
Let g(a) = -a**2 - a - 3. Let z(t) = -t**2 - 4. Let o(w) = -3*g(w) + 2*z(w). Let r be o(5). Let p = r + 5. Calculate the remainder when p is divided by 16.
14
Let b = 538 - 545. Let c = -156 + 219. Calculate the remainder when c is divided by 5 + -2 - (-6 + b).
15
Let f(o) = 29 - 29 + 5*o - o**3 + 2*o**2 + 5*o**2. Let z be f(7). Suppose 2*q - 4*x - x = 5, -3*q + z = -2*x. Calculate the remainder when 54 is divided by q.
9
Let t = 340 - 328. Suppose -4*f = -4*o + 68, -83 = -2*o - 2*o + f. Let u = o - t. What is the remainder when 47 is divided by u?
7
Let z(y) = 7*y**3 - 2 - 6*y**3 + 4*y + 7*y**2 - 5. Let i be z(-6). Suppose -i*o + 55 = -30. Calculate the remainder when o is divided by 6.
5
Suppose 5*n - 60 = -3*z, 4*n - z - 48 = 2*z. Let p(l) = 6*l + 21. Let g be p(3). Suppose g = 5*j - 111. Calculate the remainder when j is divided by n.
6
Suppose 4*i - 11400 = 4*c, -42*c + 27 = -45*c. What is the remainder when i is divided by 1415?
11
Let n(y) = y**3 + 11*y**2 + 10*y. Let h = 0 + -10. Let t be n(h). Suppose -k = -t*k - 75. Calculate the remainder when k is divided by 26.
23
Let d(l) = -7